*n + 1597. Give o(47).
140
Let w(s) = 7*s**2 + 1422*s + 2316. Determine w(-202).
700
Let r(p) = p**3 + 25*p**2 + 127*p + 173. Determine r(-16).
445
Let k(p) = -26*p + 1488. Determine k(25).
838
Let b(y) = -y**2 + 23397*y + 421494. Determine b(-18).
24
Let i(o) = 9*o**2 - 1991*o + 34662. What is i(19)?
82
Let m(g) = g**3 + 51*g**2 - 52*g + 231. Give m(-52).
231
Let i(q) = -178352*q - 1783514. Calculate i(-10).
6
Let f(v) = -17780*v + 1386842. Give f(78).
2
Let g(c) = -4*c**2 + 47*c - 24. What is g(12)?
-36
Let z(y) = -3*y**3 + 12*y**2 - 340*y + 1641. What is z(8)?
-1847
Let w(u) = 9*u**3 + 153*u**2 - 153*u - 99. Determine w(-18).
-261
Let i(l) = -428*l + 71232. Calculate i(166).
184
Let m(n) = 5*n**3 - 71*n**2 - 1036*n + 503. Give m(23).
-49
Let i(s) = -88*s**3 + 31239*s**2 + 352*s + 1096. Determine i(355).
31
Let m(k) = 49*k**2 + 1818*k + 1944. What is m(-36)?
0
Let x(i) = 124*i + 10261. Determine x(-82).
93
Let j(y) = -3*y**2 + 141*y - 2919. Calculate j(41).
-2181
Let u(f) = -25871*f - 388073. Calculate u(-15).
-8
Let f(k) = 37*k**2 + 1004*k + 1281. What is f(-26)?
189
Let b(y) = -y**3 - 31*y**2 + 505*y - 429. Calculate b(-43).
44
Let t(m) = 31593*m - 568606. Determine t(18).
68
Let q(o) = 11320*o + 169865. Determine q(-15).
65
Let x(l) = -1029*l**2 + 217*l + 204. Give x(-1).
-1042
Let b(d) = 62*d**2 + 51*d - 378. What is b(4)?
818
Let v(r) = 266*r - 9. Give v(1).
257
Let t(z) = 14*z**2 - 961*z + 10460. Calculate t(55).
-45
Let d(i) = 156*i**2 - 45871*i + 2111. Give d(294).
53
Let i(p) = 809*p + 115694. Determine i(-143).
7
Let z(i) = -9*i**3 - 3448*i**2 + 3457*i - 10. Calculate z(1).
-10
Let r(s) = 3164*s + 8730. Calculate r(-3).
-762
Let s(y) = 235*y + 23717. Determine s(-101).
-18
Let s(j) = -7*j**2 + 82*j + 129. What is s(22)?
-1455
Let q(g) = -436*g**2 - 2600*g + 103. Determine q(-6).
7
Let m(s) = 214508*s - 8151303. Give m(38).
1
Let o(q) = -352*q - 121418. Determine o(-345).
22
Let j(m) = m**3 + 38*m**2 + 132*m - 60. Determine j(-34).
76
Let z(w) = w**3 - 11*w**2 + 41*w - 3119. Give z(0).
-3119
Let a(w) = -2639*w - 248055. Give a(-94).
11
Let p(i) = i**2 - 393*i - 7827. Calculate p(-19).
1
Let l(h) = h**3 + 305*h**2 + 1666*h + 691. Determine l(-5).
-139
Let d(v) = -v**3 + 32*v**2 + 245*v - 2224. Calculate d(37).
-4
Let t(c) = -551*c + 5987. Determine t(14).
-1727
Let s(n) = -929*n + 752489. Calculate s(810).
-1
Let u(m) = -890289*m - 6232019. Give u(-7).
4
Let q(k) = -k**3 + 40*k**2 - 377*k - 152. Determine q(22).
266
Let w(r) = -3432*r + 30909. Give w(9).
21
Let v(s) = -2*s**3 + 115*s**2 + 909*s + 30. Give v(-7).
-12
Let o(h) = -3*h**3 + 134*h**2 + 495*h - 425. What is o(48)?
295
Let j(o) = -o**2 + 5857*o - 46791. Calculate j(8).
1
Let s(d) = -7*d**2 + 830*d - 11238. What is s(103)?
-11
Let j(p) = -13*p**3 - 351*p**2 - 337*p + 22. What is j(-26)?
-4
Let o(v) = -2*v**2 + 3941*v + 47324. What is o(-12)?
-256
Let h(a) = -a**3 - 31*a**2 + 82*a + 1549. Give h(-32).
-51
Let g(y) = -y**3 + 233*y**2 - 13727*y + 18533. Determine g(118).
7
Let x(i) = 12*i**2 - 555*i + 5332. Determine x(10).
982
Let n(j) = 17*j**2 + 1229*j + 1992. Give n(-72).
1632
Let u(p) = -p**3 - 21*p**2 + 154*p + 43. Give u(6).
-5
Let w(z) = z**3 + 96*z**2 - 112*z - 1649. Calculate w(-97).
-194
Let h(q) = q**3 + 10*q**2 - 18*q + 75. Determine h(-16).
-1173
Let x(s) = -s**3 - 11*s**2 - 876*s - 15277. Calculate x(-16).
19
Let l(n) = -n**3 - 255*n**2 - 48*n - 12893. What is l(-255)?
-653
Let i(m) = -909858*m - 5459165. Determine i(-6).
-17
Let h(x) = -3*x**3 - 28*x**2 + 77*x - 246. What is h(-12)?
-18
Let p(m) = 2*m**2 + 12177*m + 60884. Determine p(-5).
49
Let p(g) = -21420*g + 1006744. What is p(47)?
4
Let p(q) = -7*q**3 + 176*q**2 - 498*q + 13. Give p(3).
-86
Let u(l) = l**3 + 1338*l**2 - 67961*l + 2753. Determine u(-1387).
-21
Let v(i) = -2*i**3 - 10*i**2 - 18835*i - 150685. Determine v(-8).
379
Let s(f) = -2*f**3 + 60*f**2 - 193*f + 471. Determine s(26).
861
Let k(z) = -5171*z + 72378. Give k(14).
-16
Let j(f) = -2*f**2 - 226*f + 23661. Calculate j(-179).
33
Let c(m) = 1997302*m + 5991899. Give c(-3).
-7
Let i(p) = 79*p + 1675. What is i(-21)?
16
Let j(t) = -5*t**3 + 63*t**2 - 187*t + 15. Determine j(3).
-114
Let u(f) = -16*f**3 + 2*f**2 - 5599*f - 16788. Give u(-3).
459
Let v(o) = -23917*o + 5070400. Calculate v(212).
-4
Let t(g) = 15564*g - 684824. Calculate t(44).
-8
Let g(i) = 451*i - 21198. Determine g(48).
450
Let y(i) = 288*i + 3962. Give y(-13).
218
Let c(g) = -23*g**2 - 1980*g + 11953. What is c(6)?
-755
Let r(k) = 57613*k - 403294. Determine r(7).
-3
Let p(t) = 29341*t + 880186. Determine p(-30).
-44
Let h(a) = -1886*a + 1811. Give h(1).
-75
Let f(w) = -124334*w + 248512. Give f(2).
-156
Let s(w) = -5*w**3 + 83*w**2 - 11*w - 81. Calculate s(12).
3099
Let t(a) = 544*a + 28521. What is t(-53)?
-311
Let u(w) = 2*w**3 - 173*w**2 + 1875*w - 332. Determine u(74).
1518
Let y(s) = -88*s + 11529. Give y(94).
3257
Let f(o) = 1380*o - 63504. Calculate f(46).
-24
Let a(h) = 8*h**2 - 636*h + 9678. Determine a(59).
2
Let x(i) = 11*i**3 + 9457*i**2 + 6870*i - 1748. Give x(-859).
-30
Let s(v) = 252*v + 26765. What is s(-106)?
53
Let c(q) = -q**3 - 53*q**2 + 14*q - 2439. Give c(-54).
-279
Let m(k) = -2*k**2 + 4547*k - 191734. What is m(43)?
89
Let z(q) = 9158*q - 128002. Determine z(14).
210
Let j(x) = -x**3 + 13*x**2 + 92*x - 9. Calculate j(-7).
327
Let z(l) = -506*l + 4205. What is z(8)?
157
Let k(z) = 2490*z**2 + 12452*z - 6. Determine k(-5).
-16
Let g(b) = -2866*b + 3169. Calculate g(1).
303
Let a(k) = 1559046*k + 14031420. Calculate a(-9).
6
Let r(q) = 687*q**2 + 332*q + 22. Give r(-2).
2106
Let l(d) = -866*d - 287169. Calculate l(-331).
-523
Let k(j) = 372*j - 139863. Determine k(376).
9
Let x(h) = h**3 + 29*h**2 - 146*h - 114. Give x(5).
6
Let r(j) = 1345*j**2 + 22867*j - 96. What is r(-17)?
-130
Let d(u) = 1721*u + 34426. Calculate d(-20).
6
Let m(a) = -48*a**2 - 453*a + 96. Determine m(-4).
1140
Let x(v) = 891*v**3 + 4*v**2 + 136*v + 136. Determine x(-1).
-887
Let m(g) = -134707*g + 1077659. What is m(8)?
3
Let p(f) = 1339*f - 321. Give p(0).
-321
Let z(b) = -2*b**3 - 19*b**2 - 153*b - 1631. Give z(-10).
-1
Let r(t) = -t**2 - 28*t + 2297. What is r(-64)?
-7
Let b(j) = 501*j + 32187. Calculate b(-64).
123
Let s(g) = 710*g - 33401. What is s(47)?
-31
Let k(j) = -404*j**2 + 27063*j + 35. What is k(67)?
-300
Let d(j) = j**2 - 48*j - 1324. Calculate d(-14).
-456
Let g(t) = -t**2 + 927*t + 49712. Determine g(-51).
-166
Let b(a) = 3*a**3 - 54*a**2 + 110*a - 136. What is b(15)?
-511
Let w(b) = -9*b**2 - 509*b - 6376. What is w(-38)?
-30
Let a(c) = -34*c**3 - 96*c**2 + 738*c + 2170. Determine a(-3).
10
Let q(l) = -1241022*l + 2482054. Determine q(2).
10
Let c(q) = -75*q**2 + 2908*q - 21577. Determine c(10).
3
Let b(l) = -128*l**2 + 36096*l - 8. Calculate b(282).
-8
Let h(u) = 5*u**2 + 1001*u - 1818. Give h(-202).
0
Let j(u) = u**3 + 54*u**2 + 367*u + 177. Give j(-46).
223
Let r(i) = -233*i**2 + 4223*i - 605. What is r(18)?
-83
Let t(i) = i**2 + 11230*i + 145813. Calculate t(-13).
-8
Let l(y) = -y**3 + 23*y**2 - 115*y + 4. Determine l(11).
191
Let a(l) = 6*l**3 - 53*l**2 - 165*l + 62. Determine a(-4).
-510
Let a(b) = -4165*b + 12653. Calculate a(3).
158
Let g(y) = y**3 + 648*y**2 + 5170*y + 32006. What is g(-640)?
6
Let w(i) = i**2 - 92776*i - 1484676. Determine w(-16).
-4
Let c(l) = 53*l**2 - 2070*l + 99. Determine c(39).
-18
Let r(b) = 1618*b - 663391. Determine r(410).
-11
Let g(i) = -27*i + 2821. Calculate g(88).
445
Let q(v) = -v**2 - 74*v + 7815. Calculate q(59).
-32
Let m(o) = -15779*o + 2193273. Give m(139).
-8
Let j(b) = b**2 - 37893*b + 227370. Give j(6).
48
Let n(j) = -2*j**2 + 268*j + 1784. Determine n(-6).
104
Let l(q) = 21*q - 311. Determine l(18).
67
Let y(l) = l**2 + 2339*l - 53896. Determine y(23).
430
Let u(x) = 2*x**2 - 20*x - 2559. What is u(0)?
-2559
Let m(p) = 1413*p + 17011. Calculate m(-12).
55
Let y(v) = 788*v - 4818. Determine y(11).
3850
Let v(a) = -a**3 + 60*a**2 - 211*a - 662. What is v(56)?
66
Let r(l) = -52*l**2 + 83*l - 203. Calculate r(3).
-422
Let b(q) = -13235*q + 767679. Calculate b(58).
49
Let h(b) = 909*b - 165265. Give h(182).
173
Let k(w) = 4*w**2 - 244*w - 1450. Give k(53).
-3146
Let f(j) = 2*j**2 + 1026*j + 131564. Give f(-253).
4
Le